16 = y*m. Suppose m = -0*w - 2*w, -f + 48 = -3*w. Is 23 a factor of f?
False
Let v(x) = x**2 + 9*x - 3. Let a(q) = 3*q**2 + 19*q - 7. Let b(n) = 3*a(n) - 5*v(n). Let s = -57 + 51. Is b(s) a multiple of 18?
False
Let f be 5*(3/12 - 55/(-20)). Suppose 12*v = f*v. Suppose 11*x - 2*x - 423 = v. Does 11 divide x?
False
Suppose -2*p = -4*o + 51338, -4*o - 1432*p = -1429*p - 51333. Is o a multiple of 93?
True
Let d(z) be the second derivative of -7*z**5/20 - z**4/4 + z**3/2 + 13*z**2/2 - 163*z. Is 7 a factor of d(-4)?
False
Is 30 a factor of (-11 - -12)*-5*-24?
True
Suppose 0 = -9*a + 4*a. Suppose -250 = -5*i - a*i. Suppose i = -69*w + 74*w. Does 10 divide w?
True
Let j = -77 + 83. Let f(t) = 3*t**3 - 11*t**2 - 8*t + 6. Is f(j) a multiple of 15?
True
Is 5 a factor of (360/35)/(42/34300)?
True
Suppose -4*l - 16 + 140 = 0. Suppose 0 = -26*w + l*w - 2835. Suppose 12*i = 9*i + w. Is i a multiple of 21?
True
Suppose 0*n - 5350 + 1270 = -8*n. Is 4 a factor of n?
False
Let r(s) = s**3 + 2 + 82*s**2 + 4 - 41*s**2 + 14 + 59*s. Does 13 divide r(-39)?
False
Let o = 206 + 132. Let u = o - 219. Is u a multiple of 15?
False
Suppose 2*b - 2*z + 6 = 0, -5*b + 1 = -4*z + 11. Suppose 2*f = f - b*f. Suppose -4*t + 2*u + 404 = f, 2*u + 108 = t - 2*u. Does 20 divide t?
True
Suppose 0 = -b + 2*m + 8, 0 = -3*b + m + 4 + 10. Suppose -28 = b*f - 628. Suppose 5*i = 7*i + 5*g - 300, -i + f = 4*g. Is 25 a factor of i?
True
Suppose 16 = -4*r - 4*i - 24, 2*i - 4 = 2*r. Let c(d) = -33*d - 68. Is 37 a factor of c(r)?
False
Let d = 24 - 27. Let h be -43*(d + -3 + 3). Suppose 0 = -3*l + h - 30. Is l a multiple of 12?
False
Let y(z) = -7*z - 112*z**2 + 5*z + 4*z - 6 + 4*z. Let j be y(1). Let x = -88 - j. Does 8 divide x?
True
Suppose -25*n + 27*n = -10. Does 35 divide 234 + 2/(n/(-25)*5)?
False
Suppose c + 4*z = 228, -71 = 4*c - 3*z - 850. Does 40 divide c?
True
Let v be -28*(3 + 10/(-4)). Let w = 13 + v. Does 4 divide (w + -1 + 0)*-14?
True
Suppose 0 = 10*p + 2*p - 7428. Suppose z - 9*c = -6*c + p, -2*z = 3*c - 1220. Does 57 divide z?
False
Let w = -103 + 126. Let v(c) = c**2 - 21*c + 14. Let h be v(w). Suppose 0*j - 5*j + h = 0. Is j a multiple of 3?
True
Suppose -10*o = -4*o - 36. Let a(b) = -b + 6. Let z be a(o). Is (1 - 1) + (z - -16) a multiple of 4?
True
Suppose -21*p - 63 = -30*p. Let m(v) = -v**3 - 9*v**2 - 9*v - 6. Let t be m(-10). Suppose p*z = 3*z + t. Is z a multiple of 7?
False
Let q(b) be the third derivative of b**4/6 + 8*b**3/3 + 63*b**2. Does 7 divide q(8)?
False
Suppose -4*k - k + m + 163797 = 0, 2*k + 6*m = 65506. Suppose 68*j - 27*j - k = 0. Does 17 divide j?
True
Let o be (-2)/(-8)*0 - 0. Suppose o = -2*f + 4, 5*m - m + 5*f - 2070 = 0. Suppose m = -36*k + 41*k. Is k a multiple of 42?
False
Let c(s) be the second derivative of 8*s**3/3 + 5*s**2/2 + s. Let i(n) = n**2 - 42*n - 130. Let b be i(45). Does 12 divide c(b)?
False
Suppose 0 = -86*s + 30488 + 13286. Does 10 divide s?
False
Suppose -p + 5 + 13 = 0. Let l = p + -3. Suppose -14*a + 13*a = -l. Does 3 divide a?
True
Let g(x) = x**3 - 22*x**2 + 23*x - 29. Suppose 3*a = -2*k - 5, -2*k + 20 = -3*a - k. Let v = a - -26. Is 7 a factor of g(v)?
False
Suppose -23 = -3*m + o + 6, 14 = m + 4*o. Suppose 11*u + 2*h = m*u + 94, -509 = -5*u + 3*h. Does 5 divide u?
True
Let z(c) = 4*c**3 + 76*c**2 - 4 + 3*c - 80*c**2 + 3. Does 10 divide z(3)?
True
Suppose -11*r - 3*p = -15*r + 23183, -5*p - 23169 = -4*r. Does 3 divide r?
False
Is (0 - 74*-2)*168/42 a multiple of 4?
True
Suppose 2*b + b + 1 = -j, 0 = -4*j + 8. Let s be b + 10 + 32/(-8). Suppose -s*l + 110 = 4*r, 2*l + 3*r - 7*r = 44. Does 11 divide l?
True
Let b = 4543 + 3448. Does 93 divide b?
False
Suppose 1105*g = 1069*g + 233172. Does 17 divide g?
True
Let i = -6769 + 35941. Is 51 a factor of i?
True
Is 40/16*36720/5 a multiple of 45?
True
Suppose 3*x - 5*n = 2566, 0*x - 2*n + 4225 = 5*x. Does 41 divide x?
False
Suppose 648*g - 325*g - 336*g + 845624 = 0. Does 15 divide g?
False
Suppose 2*b + 403 = -3*j, 8*b - 5*j = 9*b + 205. Let y = 360 + b. Is 32 a factor of y?
True
Suppose 3624 = 36*m - 40*m. Let h = -768 - m. Is 6 a factor of h?
True
Let p(n) = -n**2 - 7*n + 10. Let s be p(-7). Let u be (-2)/5 - (-74)/s. Suppose -5*d - 60 = -u*d. Does 15 divide d?
True
Let o be (-1 - (-1 + 0)) + (-1 - -6). Suppose o*x - x = 812. Is 18 a factor of x?
False
Let m(f) = -8*f - 45. Let y be m(-6). Suppose 13*d - y*d = 60. Does 13 divide (-495 - -1)*d/(-12)?
True
Let c be -10 + 13 - (-6 + 5). Suppose 239 = 5*n + 2*b, n - 41 = -c*b + 7*b. Is 8 a factor of n?
False
Let q(f) = 7*f**2 - 3*f + 49. Let l be q(8). Let j = l + 117. Does 21 divide j?
False
Suppose -5 = -2*h + 3*y + 5, -h = 3*y - 14. Let x(i) = i**3 + 10*i**2 - 28*i - 46. Let z be x(-12). Suppose z*j = h*j - 114. Is j a multiple of 16?
False
Let v(z) = -78*z + 1023. Is v(8) a multiple of 21?
True
Suppose 3*h + 5*u + 11 = 0, 0 = 4*h + 4*u + 8 + 4. Let i be (-4)/(60/(-875)) - h/3. Suppose 0 = 6*r - 337 - i. Is 6 a factor of r?
True
Suppose -8*z + 5420 = -4*z. Suppose -5*y + 850 + z = 0. Does 32 divide y?
False
Let r = 101 + -102. Let n be (-153)/(r - 6/(-9)). Suppose -34*z = -37*z + n. Is 17 a factor of z?
True
Let d = 44 + -21. Let s = 25 - d. Suppose 340 = s*t + 44. Does 37 divide t?
True
Let h = -57 - -51. Let f(c) = 2*c**2 - 11*c - 26. Is 10 a factor of f(h)?
False
Suppose -2*h + 276 = o, 4*h + 4*o - 254 - 302 = 0. Suppose 2*c + 5*m = 165 + h, -793 = -5*c - 3*m. Is 23 a factor of c?
True
Suppose 5*y - 21488 = 18*w - 16*w, -3*w = 4*y - 17172. Is y a multiple of 95?
False
Let n(v) = 2*v**3 - 59*v**2 - 174*v + 324. Does 167 divide n(38)?
False
Suppose 5*g - 369547 = w, 38*g - 147838 = 36*g - 2*w. Is g a multiple of 219?
False
Let o(p) = p**3 - 21*p**2 + 56*p - 25. Let d be o(18). Does 2 divide d + ((-10)/4)/(30/(-60))?
True
Let y(f) = 34*f**3 - f**2 + 2*f + 7. Let g be y(-2). Is 48 a factor of 28/(-21)*6/4 - g?
False
Let j(r) be the second derivative of 4*r**3/3 - 6*r**2 - r + 41. Suppose -k + 5*k = 40. Is j(k) a multiple of 28?
False
Let q(r) = -r - 10. Let t be q(-12). Let n = 10 + t. Is 3/n*(-7 + 51) even?
False
Suppose -225*m - 557*m = -192*m - 6799160. Is m a multiple of 4?
True
Let f = 80 + -41. Suppose t = 129 + f. Suppose -s = s - t. Is 12 a factor of s?
True
Let m be 9136/(-80) - 1/5*-1. Let a = m - -217. Let t = 158 - a. Is t a multiple of 11?
True
Let u(y) = -36*y - 88. Suppose -30 = 5*v - 5*m, 0 = -v - 4*v - 3*m - 14. Is u(v) a multiple of 28?
True
Suppose 0 = 16*o - 5*o + 663 - 16129. Is o a multiple of 27?
False
Suppose 4632 = 4*v + 8*v. Let y = 746 - v. Is 20 a factor of y?
True
Let j(x) = x**2 - 16*x + 13. Let l be j(18). Is 13 a factor of l*(6 - (10 + -6))?
False
Suppose -f + i = -15703, 5*f - 78523 = 88*i - 91*i. Is 13 a factor of f?
True
Let t(n) = 23*n**2 + 7*n + 3. Let i be t(-2). Suppose 83*o - 252 = i*o. Is 42 a factor of o?
True
Let y = -2340 + 5192. Suppose y = 12*o + 260. Is o a multiple of 10?
False
Let f(d) = -d**3 - 21*d**2 - 21*d - 18. Let l be f(-20). Suppose 2*c = 5*c + 5*n - 325, 123 = c - l*n. Is 18 a factor of c?
False
Let t = 70 + -60. Suppose 0*l = -t*l + 50. Suppose -393 = -l*a + 1437. Does 61 divide a?
True
Suppose 110879 = 33*j - 255817. Is j a multiple of 122?
False
Suppose -2*o + 397 = 5*h - o, 0 = h + o - 81. Suppose h + 1517 = 7*z. Does 14 divide z?
False
Suppose -15*g + 0 = -0. Suppose -4*z + 5*i + 648 = 0, g = 3*z - 4*i + i - 489. Does 14 divide z?
False
Let o = -46 + 50. Suppose -9*w = -o*p - 10*w + 15, p - 2*w + 3 = 0. Suppose 4*k + 2*m - 570 = 0, 0*m = 4*k + p*m - 575. Is 5 a factor of k?
True
Let a(q) be the first derivative of -19*q**2 - 25*q - 26. Let r(l) = 39*l + 24. Let i(j) = 5*a(j) + 4*r(j). Is 35 a factor of i(-6)?
True
Let c be (28/(-8) + 2)*-2. Let h be 280/c - (-9)/(-27). Suppose 18 = -3*o + h. Does 5 divide o?
True
Suppose 3739*m = 3720*m + 51262. Is m a multiple of 19?
True
Is (-6)/(-3) + -4 - ((-3 - 4424) + 8) a multiple of 10?
False
Let s be (12/54 - (-10983)/27) + 4. Suppose -2*u - 3 + s = 0. Is 6 a factor of u?
True
Let f(o) = -3*o**3 + 81*o**2 - 68*o - 159. Is 39 a factor of f(24)?
True
Let q be ((-834)/(-18) + 7)/((-1)/(-9)). Suppose 0 = 5*j - 5*h - 1230, q = -4*j + 6*j + 4*h. Is j a multiple of 5?
False
Let q(b) = 28*b + 105. Let z(y) = 57*y + 211. Let a(f) = 